12001?
-120110010
In base 15, what is -6516 - -1e05?
-4611
In base 15, what is 458e04 + 55?
458e59
In base 15, what is -86d2 - 1c8?
-88aa
In base 3, what is 1222120201100010100 - 12?
1222120201100010011
In base 5, what is -1122 - -33042200?
33041023
In base 10, what is 7212171 - -44?
7212215
In base 15, what is -4 + -760b83?
-760b87
In base 10, what is 29199 - 1726?
27473
In base 9, what is 50 + -5025?
-4865
In base 3, what is -1102 + 1200002101011?
1200002022202
In base 8, what is 0 - 1162542475?
-1162542475
In base 13, what is -5a5b0bc8 + 2?
-5a5b0bc6
In base 5, what is 234 - 404231102?
-404230313
In base 12, what is 30a + 14629?
14937
In base 6, what is -2 + -223041523?
-223041525
In base 7, what is 6 - -6645005?
6645014
In base 4, what is -2 + 3020111200211?
3020111200203
In base 2, what is -1010101011101000000001001101 - 11?
-1010101011101000000001010000
In base 9, what is 6337565 - -7?
6337573
In base 11, what is 1018 + a0291?
a12a9
In base 15, what is -76 + 16844?
167bd
In base 7, what is 1525211 + -14?
1525164
In base 2, what is 1001100001001111101 - -100100001101?
1001100101110001010
In base 14, what is 3991 - -2d5?
3c86
In base 15, what is 2 - -43b8ab?
43b8ad
In base 9, what is 0 + 488172720?
488172720
In base 9, what is -710364336 - 5?
-710364342
In base 3, what is -100220 + -20002121001?
-20002221221
In base 9, what is 12312 - -15716?
28128
In base 14, what is ba97a - 5?
ba975
In base 14, what is -2 + 25d3ddb?
25d3dd9
In base 6, what is 4334520 - 2401?
4332115
In base 9, what is 280211 + 160?
280371
In base 16, what is -83140107 + -5?
-8314010c
In base 4, what is -32113313323 + 10?
-32113313313
In base 14, what is -168c543 - b?
-168c550
In base 2, what is -1001110000001110100 + -10000100000?
-1001110010010010100
In base 14, what is -21d - -cba?
a9b
In base 14, what is -cac81 - 6?
-cac87
In base 12, what is -17 + -32a2bb5?
-32a3010
In base 4, what is 3202001 + 1033111?
10301112
In base 16, what is -9d4 + 376?
-65e
In base 7, what is 126 + 1416241?
1416400
In base 15, what is -343 - -4bb2?
486e
In base 9, what is -2 + -5072742?
-5072744
In base 7, what is -10 + 23501200?
23501160
In base 13, what is -2c613 + -39?
-2c64c
In base 11, what is -a062261 + 6?
-a062256
In base 14, what is -6 - -5cc53dd?
5cc53d7
In base 5, what is -102210 + 1104200?
1001440
In base 6, what is -1 - 12114121243?
-12114121244
In base 13, what is 98 - 1483471?
-14833a6
In base 5, what is 110 + -13333104?
-13332444
In base 15, what is 1199a - 351d?
d47c
In base 2, what is -10111100111111000 + -10100?
-10111101000001100
In base 15, what is -26a80c9 - 1?
-26a80ca
In base 3, what is 20002221012020 - -10?
20002221012100
In base 12, what is 487 - ba1?
-716
In base 11, what is -361209 + -a09?
-362117
In base 8, what is 350341 - 364?
347755
In base 10, what is 1 - -126098242?
126098243
In base 3, what is 1202100002111221 - -12?
1202100002112010
In base 4, what is 223211 + -113?
223032
In base 6, what is 43 - -35351135?
35351222
In base 12, what is -47667a + 24?
-476656
In base 4, what is 2231120 - -1020003?
3311123
In base 8, what is 0 + -402763217?
-402763217
In base 15, what is -b - 92d7c?
-92d88
In base 5, what is -3030304 + 33441?
-2441313
In base 14, what is -c58 - -6061?
5207
In base 7, what is 5 - 2645240?
-2645232
In base 10, what is -2174 + 13643?
11469
In base 12, what is -23 - 120529?
-120550
In base 8, what is -1247 + -2613172?
-2614441
In base 13, what is -111 - -c3c74?
c3b63
In base 12, what is -200 + -1044?
-1244
In base 3, what is 110112 - 20120121?
-20010002
In base 3, what is 11220000 - -10122201?
22112201
In base 10, what is 876402 + -349?
876053
In base 6, what is -104423425 + -4?
-104423433
In base 11, what is -504 - 191112?
-191616
In base 8, what is 11343030 + -620?
11342210
In base 11, what is -1 - -747428?
747427
In base 13, what is 2a569a4 + 28?
2a569cc
In base 6, what is -110 - 1330015204?
-1330015314
In base 10, what is -2 - -26941596?
26941594
In base 6, what is 410334 + 441?
411215
In base 4, what is -121132303310 - 3?
-121132303313
In base 8, what is 5 + 327116?
327123
In base 4, what is -13 + 3232301222?
3232301203
In base 5, what is 104310240 + 1412?
104312202
In base 12, what is -30469a26 + -1?
-30469a27
In base 6, what is 11 + 24311114?
24311125
In base 14, what is -240db9 + 5?
-240db4
In base 5, what is 120030121 + 4333?
120040004
In base 4, what is -2100220023001 + -3?
-2100220023010
In base 10, what is -1614 - 26007?
-27621
In base 7, what is 134062 - 23314?
110445
In base 11, what is -10 - 2751a2?
-275202
In base 16, what is -4c99c - 5?
-4c9a1
In base 5, what is -403230 + -2414?
-411144
In base 6, what is -3 - -1300023554?
1300023551
In base 16, what is 371539 + -4?
371535
In base 10, what is -5441 + 5069?
-372
In base 2, what is 1011110100 + -10000110111100011?
-10000101011101111
In base 14, what is -a0cb + 97?
-a034
In base 3, what is 20100011210 - -22100?
20100111010
In base 13, what is -121b - -916?
-605
In base 13, what is -27bb72b2 + -5?
-27bb72b7
In base 7, what is -120 - -253422?
253302
In base 11, what is -282867096 - 1?
-282867097
In base 4, what is -1110232300 - -3?
-1110232231
In base 10, what is -66 - -4761840?
4761774
In base 14, what is 368 - 1a632?
-1a2a8
In base 7, what is -2235661 - -5?
-2235653
In base 2, what is -1101011010100111100011101100 + 101?
-1101011010100111100011100111
In base 8, what is 1405 - -444157?
445564
In base 13, what is -12354b - 2?
-123550
In base 13, what is 97132 - 62?
970a0
In base 10, what is 238 - -87315?
87553
In base 5, what is -333220 - -1212?
-332003
In base 2, what is -101011011011010001111111 - 100?
-101011011011010010000011
In base 2, what is -100000 - 10111110000110111?
-10111110001010111
In base 9, what is 1728011 + -4?
1728006
In base 10, what is 22105054 - 23?
22105031
In base 12, what is 66027 - 2b?
65bb8
In base 12, what is -3 - -57929a4b?
57929a48
In base 7, what is 0 + 422635006?
422635006
In base 15, what is -2c0ccb7 - -4?
-2c0ccb3
In base 2, what is -10011100111101110101001001 + -1000?
-10011100111101110101010001
In base 10, what is -2463283 - -12?
-2463271
In base 5, what is 333144 - -314223?
1202422
In base 6, what is 2515 + -42021?
-35102
In base 10, what is 686 + -230463?
-229777
In base 10, what is -213063 + -438?
-213501
In base 5, what is 10 - 43033224334?
-43033224324
In base 15, what is -5a06330 - 1?
-5a06331
In base 5, what is -2 + -131123424222?
-131123424224
In base 4, what is 31221323 - 30021?
31131302
In base 2, what is -1 + 1010010111011001011111011101?
1010010111011001011111011100
In base 7, what is 5011230 + 1612?
5013142
In base 13, what is 68226 + -b70?
67386
In base 15, what is -739ba + -7d?
-73a48
In base 11, what is -17 - 100a231?
-100a248
In base 12, what is -2 - -565b74?
565b72
In base 7, what is -41022 + -6306?
-50331
In base 2, what is 101100110101001011 - 110001111?
101100101110111100
In base 5, what is -22032 + 210240?
133203
In base 10, what is -186567 + 144?
-186423
In base 10, what is 15964504 - 79?
15964425
In base 8, what is 56640342 - 1?
56640341
In base 6, what is 0 + 4331433505?
4331433505
In base 3, what is 10020121 + -1210020?
1110101
In base 6, what is -131 + 415134?
415003
In base 14, what is -2566b + 807?
-24c64
In base 15, what is 1225 + -e17?
30d
In base 3, what is -101020221 + -10221?
-101101212
In base 7, what is 143 + -16113322?
-16113146
In base 2, what is 111111111100 + -110101010100111?
-101101010101011
In base 7, what is -201 + 3221521?
3221320
In base 7, what is 451610022 + -2?
451610020
In base 8, what is 210577 - 23?
210554
In base 4, what is 13002331 + 123?
13003120
In base 11, what is 6 + 449a6289?
449a6294
In base 5, what is 1043401444 - 40?
1043401404
In base 16, what is -7cef + -36?
-7d25
In base 11, what is -9a0 - -38058?
37168
In base 8, what is 41307511 - 2?
41307507
In base 7, what is -145532411 + 2?
-145532406
In base 14, what is 0 + d506d6a?
d506d6a
In base 2, what is 10100 - 11011000101?
-11010110001
In base 2, what is -11010010111111101 - 1101000?
-11010011001100101
In base 4, what is 12033200 + -1332?
12031202
In base 6, what is -4154355 - 30?
-4154425
In base 11, what is -874145 - -12?
-874133
In base 13, what is -2 - 3346cb5?
-3346cb7
In base 2, what is 100100001010000111 - -11010110?
1001000011010